, -3*g = 5*n - 19. Suppose 7*z = 68 + n. Is z prime?
False
Suppose -6*v = -2*v + 1776. Let q = -278 + v. Is (-3)/2 + q/(-4) a prime number?
True
Suppose 2*u + 14 = 5*m, -u - m + 4*m - 9 = 0. Suppose -3051 = -u*k - 321. Let s = k - 473. Is s a prime number?
False
Let n be (-24)/9*6/(-8). Suppose 4*i - 1 = 3*u, -4*i - u + 3 + n = 0. Is 1*(297 - (-4)/i) a prime number?
False
Suppose -4*c = -8*c + 756. Let i be c*(1 - -2 - 4). Let q = 128 - i. Is q a composite number?
False
Let g = 577 - 282. Is g a composite number?
True
Let x(i) = 3*i**2 - 4*i - 1. Let u be x(2). Suppose -l + 19 = -2*v, -2*l + u*v = 5*v - 26. Is (l/12 + -3)*-76 prime?
False
Is (4790 - 11) + (-8)/(-2) composite?
False
Suppose 0 = -7*p - 18 - 45. Is -3 - (-4 - p - 1689) composite?
True
Suppose -2*x + 4 = 0, 4*x = -4*p - x + 6. Is (p/(2/(1604/2)))/(-1) composite?
False
Is (-17)/(68/(-13536)) + (-1 - -4) a prime number?
False
Suppose -23*z = -4*i - 22*z + 10507, -5*i = -5*z - 13130. Is i composite?
True
Let s(g) = -g + 3. Let p be s(3). Suppose 4*k - k - 1239 = p. Suppose n - 8*n = -k. Is n a prime number?
True
Let t(i) = i**3 + 4*i**2 + 2*i + 1. Let w be t(-3). Suppose w*d + 742 = 2*m, 0*d = 5*m + d - 1822. Is m prime?
False
Suppose -5*q - 26961 = -f, -3*q = -3*f + 4*f - 26977. Is f prime?
False
Suppose -8*i = -9*i + 1361. Is i a composite number?
False
Suppose 0 = -7*h + 10*h + 9, 3*b = 5*h + 42744. Is b a composite number?
False
Suppose 0 = -5*g - 15, g = y - 4*g + 683. Let b = y + 1957. Is b a prime number?
True
Suppose j - 17774 = -2*u, -3*u - 6*j + 11*j + 26661 = 0. Is u a composite number?
False
Suppose 0 = 4*t + t - 4*p - 51, 0 = 2*t + 2*p - 6. Suppose 0 = 2*f - t*f + 65. Suppose f*k - 15*k + 422 = 0. Is k prime?
True
Suppose 0 = -9*k + 23540 - 6431. Is k a prime number?
True
Let f(l) = -72*l - 8. Let h be f(6). Let b = h - -763. Is b prime?
False
Suppose -5*v - 5*c + 48130 = 0, 3*c + 581 = -v + 10213. Is v prime?
True
Let d = 50 + -56. Is (1 + d + 6)*(-4666)/(-2) a prime number?
True
Is 48/72 - 26407/(-3) a prime number?
True
Suppose 0*p + 48 = 3*p. Is (12 - p) + (1 - -62) a prime number?
True
Let r(t) = -3*t**2 + 38*t - 16. Let g be r(12). Suppose -968 = -g*m + 7424. Is m composite?
False
Let i = -83 + 131. Suppose -i = -3*a + 1431. Is a a composite number?
True
Let z = -15 + 18. Suppose 4*g - 4*q - 3296 = 0, -z*q = -4*g + 2*q + 3299. Is g composite?
False
Let c = -8420 - -12711. Is c a composite number?
True
Suppose -9*t + 10*t - 361 = 0. Suppose 5*f = -z - t, -2*z = 4*f - f + 211. Let l = 168 + f. Is l prime?
False
Suppose -26*s + 155778 = -12*s. Is s a composite number?
True
Let j(q) = -q**3 - 9*q**2 + q + 4. Let t be j(-9). Let z(s) = -s**3 + 5*s**2 + 5*s + 1. Let l be z(6). Is l/(t/(-2)) - -87 a composite number?
True
Suppose -6*v = -18*v + 60. Suppose -v*j - 5198 = -2*l - 860, -3*l = 2*j - 6526. Is l a composite number?
True
Let p(r) be the second derivative of -64*r**3/3 - 7*r**2/2 - 2*r - 70. Suppose -3*i = -0 + 6. Is p(i) a composite number?
True
Let v(i) = i**3 + 2*i**2 - 3*i + 4. Let t be v(-3). Suppose 3*z - 12 = -t*q, -2*q + 4 = -z - 2. Suppose z = -f + 50 + 59. Is f prime?
True
Suppose 4*k - 1952 = -3*s + s, -1940 = -4*k + 4*s. Let o = -330 + k. Is o a composite number?
False
Let r(i) = 2*i**2 + i - 130*i**3 - 7 + 7. Let m(x) = -x**3 - 11*x**2 - 8*x + 19. Let p be m(-10). Is r(p) a composite number?
False
Let s = -8 - -10. Suppose 0*x - 958 = -s*x. Is x a prime number?
True
Let g(r) = -3*r - 28. Let p be g(-10). Suppose 82 = 3*c - 449. Suppose -z - p*z = -c. Is z a composite number?
False
Let n(v) = -3*v**3 - 5*v**2 + 5*v - 6. Let m = 47 + -29. Suppose 2*w - 2*t = -6*t - m, 0 = 4*t + 4. Is n(w) composite?
False
Let j(f) = 185*f. Let l be j(1). Let g = -90 + l. Let w = -10 + g. Is w prime?
False
Let w = 3604 + -335. Is w a prime number?
False
Suppose -5*g + 15512 = 812. Suppose 2*l - g = -4*f + 6*l, -3*f + 2225 = 2*l. Is f a prime number?
True
Let o = -32 - -40. Suppose -5*p = 5*u - 3*u - 147, 0 = 2*u + o. Is p a prime number?
True
Let k(m) = m**3 + 22*m**2 + 19*m - 32. Let b be k(-21). Is (-2)/10 - (-9562)/b - -3 prime?
False
Suppose -2*w + 97 = 3*k - 0*w, 5*w = -k + 54. Let v = k - -1536. Is v a composite number?
True
Let q(h) = 147*h**2 - 4*h - 8. Let t be q(4). Is -15*(-1)/3 + t a composite number?
False
Suppose -4*i - 611 = -63. Let g = 41 - i. Is g a composite number?
True
Suppose 2*y - 2 = 4*g + 4*y, -2*g = -5*y + 31. Is -1 + (-3 - g) + 4 - -1280 composite?
False
Is (6781 - 3)*(-4)/(-8) a prime number?
True
Suppose 3*f = -4*j - 7, -14 = -2*j + f + f. Suppose -5460 = -5*c - 2*t, 3*c - j*c + 2*t = 1084. Let p = c - 748. Is p prime?
False
Suppose 0 = -5*p - 3*u + 2803, -5*p - u = 4*u - 2795. Is p a prime number?
True
Let k be ((0/1)/2)/(-5 + 7). Suppose -h - 591 = -4*v, k*v + 4*v - 3*h = 581. Is v a prime number?
True
Suppose 3*d = -y + 136442, 187*y - 186*y = 5*d - 227406. Is d composite?
False
Suppose 0 = 3*o, -300 = 8*n - 10*n + o. Suppose 175 = 3*b + 5*y, -2*b + 2*y = -3*y - n. Is b a composite number?
True
Let s = -82006 + 132803. Is s a prime number?
False
Suppose 0 = 5*i - 4436 - 4799. Is i composite?
False
Let o(d) = -11*d + 9*d + 3*d - 8. Let i be o(10). Suppose 2*p - 514 = -i*c - p, 4*c = 3*p + 1010. Is c prime?
False
Suppose 20560 = 25*j - 9*j. Is j a composite number?
True
Suppose 0 = -2*g + g + 60. Let x be (-12668)/g + 6/45. Let m = 429 + x. Is m prime?
False
Let k(c) = c**3 + 9*c**2 + 9*c + 11. Let t be k(-8). Suppose -t*x - x = -4*d - 4016, 2*x - 2009 = 3*d. Is x a composite number?
True
Suppose -60*j + 66*j - 9138 = 0. Is j composite?
False
Suppose 9*n = 4633 + 1190. Let a be 21*4 + 2/(-2). Suppose 0 = -4*i + n - a. Is i composite?
True
Suppose -5*u + 283645 = -5*p, -58108 = -2*u - 2*p + 55358. Is u composite?
False
Suppose 6*i = 3*i + 15. Suppose -3*q - 5 + 16 = -x, -4*x - 9 = -i*q. Suppose -26 = -2*w - 4*d, d + q + 36 = 2*w. Is w a composite number?
False
Let c = -12 + 14. Suppose 4*l = -c*b + 15946, 7894 = 4*l + b - 8049. Is l composite?
True
Let d be ((-20)/30)/(2/21). Let b = d + 354. Is b a composite number?
False
Let s = -32 - -19. Is ((-2)/(-4) - 0)*(2295 - s) prime?
False
Let u(p) = -p**3 + 4*p**2 - 3*p + 12. Let f be u(4). Is (140 - 13)*(f - -5) a composite number?
True
Let s(h) = 7*h**2 + h - 7. Suppose -3*d + 6 = -6. Let x be 16/6 + d/12. Is s(x) a prime number?
True
Let z = 10 + -4. Is 549/z - 8/16 a prime number?
False
Let y be (3 - 5) + (4 - 0). Suppose v - 2*x - x = 9, y*v - 4 = -x. Is (-2098)/v*(-18)/12 a composite number?
False
Let u be (-2 + 1)/(5/35*7). Is ((-30)/(-12))/1*(841 - u) a prime number?
False
Suppose -67*d = -72*d + l + 87339, -2*d = 2*l - 34926. Is d a composite number?
False
Let h(j) = 9*j - 15. Suppose -3*y + 4*g = -12, 0*g = 3*y + 3*g - 12. Is h(y) a prime number?
False
Let n = 650 + -203. Suppose -3*u = -i - 1120, 2*u + 2*i = 297 + n. Is u a prime number?
True
Let m = 18169 + 21478. Is m a composite number?
True
Let k(j) = j**2 - 3 - 7*j + 5*j + 4*j. Let i be k(-3). Suppose 0 = 4*w - 3*w - 2*m - 897, i = -3*w + 4*m + 2683. Is w a prime number?
False
Let b be (-28)/(-21)*(-18)/(-4). Let v be ((-5)/(-5))/(1/b). Suppose 5946 = v*h - 0*h. Is h a composite number?
False
Let t = 4 + -1. Suppose 3*b = 5*u + 1919 - 271, 0 = 4*b + t*u - 2149. Is b a composite number?
False
Suppose -3*b + 3*d + 98784 = -56028, 2*d + 154807 = 3*b. Is b a composite number?
False
Let z(l) = 2*l - 9. Let y be z(7). Suppose 3*h = -w - 4*w + 3198, -y*h + 5*w + 5290 = 0. Is h composite?
False
Suppose -3*b + 3*k - 3 = 0, 0*k + 35 = 5*b + 5*k. Suppose -3*a = b*l - 1194, 2*a = -4*l - 0*a + 1598. Is l a prime number?
True
Let b = -7 + 9. Suppose -3*r - b*r + 10 = 0. Suppose 314 = 4*o - l, -2*o - r*o + 3*l = -310. Is o a prime number?
True
Suppose -3*z + 2*o + 7444 = -2807, 3*o + 9 = 0. Is z a composite number?
True
Let q = -1 - -3. Suppose w = s - 52, -2*s - q*s = -w - 211. Suppose a = 2*a - s. Is a prime?
True
Suppose 3*p + 4*p - 469364 = 0. Suppose 9*x - p = -16823. Is x composite?
False
Let c = 2540 + -385. Is c a prime number?
False
Suppose -y - 3*c + 4409 + 1538 = 0, 5*y = -5*c + 29755. Is y a prime number?
True
Let d = -21 + 26. Suppose 0 = 2*w + d*k - 799, 358 + 854 = 3*w + 3*k. Is w a prime number?
False
Let q(b) = b**2 + b + 1.